te 28 + -7 + -9 - 13.
-1
Evaluate (-360 - -424) + (1 - 40).
25
Calculate 38 + -37 - (1 - -2) - -3.
1
Evaluate 1 + 0 - -35 - (45 - 37) - -3.
31
What is 13 + (-2 - -1 - (0 - -10))?
2
What is the value of 70 - (59 + 6) - (23 + -1 - 2)?
-15
Calculate -1 - 9 - (12 + (-4 - 7)).
-11
What is the value of -31 - 1 - -26 - -12?
6
What is the value of -11 - (3 + 5 + -14 + 0)?
-5
What is the value of 11 + (-12 - -3) + (-1 - -2) + -3?
0
0 + -5 - (6 + -8 + 13 + -3)
-13
Calculate -6 - ((10 - 6) + 5 - 30).
15
Evaluate -28 + 34 - (-7 - 8).
21
What is 28 + (13 - (56 + -25))?
10
What is -3 + 3 + 11 - 6?
5
Evaluate (35 - -2) + -32 + (-28 - 3).
-26
What is the value of -19 + 38 - (1 + 1 + (3 - 1))?
15
What is the value of (13 - 31) + (-13 - -15)?
-16
What is the value of (0 - -5) + (8 - 8) + -2?
3
Evaluate (9 - -6) + 2 + -12 + 20.
25
What is the value of -6 - (-14 + (11 - -1 - 10))?
6
-9 - 2 - -10 - (0 - (-2 - 1))
-4
What is 16 - (9 - -3) - (6 - 13)?
11
Evaluate 21 - 6 - (-34 + 21 - -10).
18
Evaluate (-6 - 10) + (-1 - -15) + 14.
12
What is the value of -120 + 156 - (14 + (1 - -2))?
19
Evaluate 23 - (45 + -15) - (-1 - 9).
3
What is -5 + (-2 - (2 - 18)) + -1?
8
Calculate -35 - (-31 + 24) - -26.
-2
23 - 5 - (-1 + -6 + -3 + 12)
16
(167 - 168) + -1 + (1 - -2) + 5
6
Evaluate (-15 - (-2 + -9 - -1)) + -6 + 1.
-10
Calculate -6 + ((6 - (-21 + 2)) + -6 - 2).
11
What is the value of (55 - ((-14 - -26) + 3)) + -12?
28
What is the value of (26 - 13) + -10 + 11?
14
Evaluate 7 + 47 + (-15 - -1).
40
What is the value of -10 - (-10 + 1 - (4 + -12))?
-9
What is -28 + (-16 - -11) + 29?
-4
Calculate 2 - (1 - 13 - (-18 + (37 - 17))).
16
14 + 79 + -37 - 30
26
Evaluate -27 + 9 - -32 - 15.
-1
What is the value of 6 + 14 + -3 - (-2 + 3)?
16
9 + (-6 - -3) - (-5 - -6)
5
What is the value of (-27 - -8) + (-8 - (14 - 33))?
-8
What is -1 + -1 + 19 + (23 - 27)?
13
(-9 - 1) + 15 - ((2 - -2) + 0)
1
Calculate -15 - (37 - 46 - 8).
2
What is the value of -20 - -5 - ((7 - 6) + (-2 - 3))?
-11
What is 4 - (-1 - (12 - (10 + 3)))?
4
Evaluate -3 + 10 + 9 - (-3 + 5 + -2).
16
What is the value of -3 + -2 + 0 - (-17 - (2 - 4))?
10
(-2 + -5 + 8 - -5) + 0
6
Calculate -159 + 127 + -2 + 8.
-26
(-1 + -6 - 1) + (73 - 70) - 3
-8
7 - 1 - ((1 - (1 - 1)) + -16)
21
What is 21 - 4 - ((5 - 6) + 7)?
11
What is the value of (-73 - -97) + -17 + 2?
9
What is the value of 1 + 10 + (-6 - -12) + -4 + -3?
10
Evaluate -18 - (-18 - 30 - 7 - -4).
33
-2 + 17 - (-36 + 50)
1
30 + (32 - 91) - -54
25
(3 - 3) + (-24 - (24 + -35))
-13
What is 7 + -9 + 0 - (-4 + 3 + 9)?
-10
What is the value of -2 - (0 - ((-3 - -9) + -1))?
3
What is the value of (7 - -14) + -3 + -26?
-8
What is (0 - -2) + 43 - (2 - -34 - 30)?
39
Evaluate -7 + (-8 - 0) + 3.
-12
18 + (5 - 9) + -7
7
What is 3 + (3 - -4 - (-1 + 2))?
9
Evaluate 3 + -3 + -9 + 12 - 1.
2
What is 14 - (-17 + 8 + -1 - -7)?
17
-3 - (-8 + (6 - 5))
4
Evaluate 1 - (-12 - -11) - -4 - -6.
12
What is (-6 - -4 - 4) + (53 - 57)?
-10
Evaluate (1 - (-5 - -13)) + -15.
-22
Evaluate -1 + (7 - 2) + -4 + -6.
-6
Calculate 4 - ((-2 - (1 - -4)) + 17).
-6
29 + -62 + 30 + 0 + -1 + -7
-11
Calculate (-14 - -16) + 17 + -2 - 50.
-33
25 + -38 + 5 + 0 + 9
1
Evaluate -10 + 2 + 1 + (0 - -16).
9
-9 + 16 + 1 + -2 - 7
-1
What is the value of (-23 - (1 - 7)) + (-19 - (-17 + 5))?
-24
What is the value of (154 - 165) + (0 - (-2 - 15))?
6
Calculate 9 + (4 - (-5 - -13 - 10)).
15
22 - (-19 + 19) - 19
3
What is the value of -1 + -6 + -1 - (-72 - -51 - -28)?
-15
(-2 - 2) + -17 - -28
7
Evaluate -17 + (18 - -3) - (7 - 1 - 4).
2
-30 + 1 - (208 - 228 - (-4 - 23))
-36
Calculate (6 - (0 + -2)) + -38 + 42 + -8.
4
What is 1 - (6 + -24 + 21 - (-9 - -1))?
-10
Evaluate 22 + -48 - -45 - 26.
-7
What is (1 - -18) + (-3 + 7 + 3 - 9)?
17
What is the value of 10 + -9 + -6 - 11?
-16
What is the value of 4 + -1 + -5 + 4 + -8?
-6
Evaluate 0 + (6 - (-6 + 7)) - 19.
-14
Calculate -11 + (-7 - -17) - 6.
-7
What is (-3 - 16) + -43 - -28?
-34
What is the value of -3 + (7 + 4 - 9) - -4?
3
Calculate -12 - (-15 + 4 + (6 - 2)).
-5
Evaluate (3 - -1) + 2 + 10 + -12.
4
What is 17 + (14 - 29) + (-2 - (1 + -1))?
0
(1 - -9) + 3 + -27 + 5 + 35
26
(0 - (-3 - (-1 + (-4 - -1)))) + 7
6
What is the value of -31 + (-3 - (-38 + 19))?
-15
Calculate -13 + 17 + 6 - -2.
12
What is the value of 1010 - 1032 - (-1 + 1)?
-22
What is (-104 - -19) + 53 + -1 + 3?
-30
(-2 - -1 - 9) + (36 - -21) + -62
-15
What is the value of -16 + 25 + -12 - 13 - -5?
-11
What is the value of 22 + (-1 - (-4 - 5) - 16)?
14
Calculate -3 + 2 + 1 + 11 + -1264 + 1249.
-4
What is 10 - ((-2 + 5 - -5) + (-4 - 2))?
8
Evaluate 1 + 0 - 4 - (-30 + (0 - -9)).
18
What is the value of -15 + -1 + (5 - 16) + 4 + 9?
-14
-9 - (-2 - -8 - (9 + 0))
-6
What is (7 - 19) + (-21 - -31)?
-2
Evaluate 15 + (5 - (-6 + (5 - 2) - -15)).
8
Calculate 4 - (2 + -3 + -1 + 5).
1
What is the value of 12 + 24 + (13 - 69)?
-20
Evaluate -15 + 8 - (51 - 74).
16
What is -20 + (17 - (10 + -2)) - -15?
4
What is 5 + (-26 - -24) + (1 - 1 - -6)?
9
Calculate (-12 - -7 - -3) + -5 - 5.
-12
Calculate (15 - 5) + (-32 - (-9 + 2)).
-15
Evaluate 8 + (5 - 1 - (26 + -21) - 37).
-30
What is the value of -4 + 11 + -10 - 0?
-3
Calculate 30 + (-9 - 5) - 11 - (1 - -4).
0
Calculate -4 + (19 - 11) - 2.
2
What is 4 - -19 - 3 - 6?
14
1 - (-18 + 6 - (-1 - 7))
5
What is the value of -6 + 21 + (3 - -1) + -17 + 16?
18
What is the value of (-3 - 5) + (-5 - -5) - (-8 - -2)?
-2
Calculate -9 - (-16 + -5 + 17).
-5
Evaluate -14 + 4 + (-364 - -358).
-16
13 - -9 - -6 - 11
17
Evaluate -7 + (4 - (3 - 16)).
10
What is the value of (-5 - (-3 - 3) - 20) + 7 - 3?
-15
What is 0 + -23 - (86 - 110)?
1
What is the value of (-12 + -1 - (4 + -3)) + -159 + 161?
-12
2 + (5 - -14) + -21
0
What is the value of (15 - 42) + (5 - (-7 - 1))?
-14
Calculate 9 - (-19 - (-11 - -6) - (-1 - 6)).
16
What is the value of 19 - (38 - (12 + -21)) - (-8 + 1)?
-21
Calculate 32 + -24 + -22 + -5.
-19
Evaluate -30 - (0 + -7 - (0 + 14 - 23)).
-32
Evaluate -10 + (-12 - 16) + -2 + -1 - -9.
-32
What is -8 - (1 + -1) - -7?
-1
27 + (7 - (-3 - -1 - -17)) - -7
26
Calculate 2 - 0 - (88 - 85 - (2 + 0)).
1
What is the value of 207 + -208 + -7 + 3 + -2?
-7
Calculate (8 - (15 - (1 + 0))) + -6 + -3.
-15
What is (1 - ((1 - 10) + 17)) + 30?
23
What is 7 + (-3 - (9 - (-6 + -1) - 1))?
-11
Calculate (-11 - (8 - 3) - 1) + 9.
-8
Calculate -37 + 37 - (-21 + -6).
27
What is 2 + 1 - (1 + -1 + -3 - -3)?
3
Calculate -11 + -7 + (49 - 26).
5
(-10 - (6 - 7)) + (-7 - -13)
-3
Evaluate -19 + 14 + 4 + -10 + 1.
-10
3 - ((-28 - -9) + 7 + -7 + -5)
27
Evaluate 2 + 9 + 81 + -95.
-3
(12 - (12 + 4)) + 8
4
What is -7 + (0 - (1 + 7)) + 16?
1
What is -16 + (-8 + 25 - 14)?
-13
-13 + -7 - 12 - -18
-14
Evaluate (-18 - (-2 - (0 - -7))) + 37 - 1.
27
What is the value of (4 - 24) + 2 + (-11 - -16) - -3?
-10
-4 - ((-9 - 1) + 16 + (14 - 25))
1
Evaluate 4 + -3 + (-3 - 1 - -8) - -1.
6
What is -20 + (-8 - ((-12 - -3) + -5 + 1))?
-15
What is (1 + -1 - 20) + 4 + -4?
-20
14 - (5 + 5 - 5) - 1
8
What is the value of -10 - (-13 - (-4 - (-1 + -9)))?
9
Calculate 18 + -10 + 2 + 3 - 4.
9
-3 + (-6 + -16 - -12) + 38
25
What is the value of -12 - (-12 + -12 + 28 + -7)?
-9
Evaluate -14 + -12 + 12 + -2.
-16
What is the value of -16 + (9 - (4 - -3 - (-1 - -3)))?
-12
9 - (20 - 13) - (2 - (1 + 0))
1
1 + (9 - -1) - (95 + -81 - 34)
31
Evaluate (-10 - 3) + (-142 - -161) - (24 - -1).
-19
Evaluate 34 + -38 - (-34 + 10).
20
Evaluate 26 - (5 + (1 - (6 - 2)) - 2).
26
Calculate -2 - (7 + 15 + -6 - 6).
-12
What is the value of 23 + 3 + (-19 - 4)?
3
Calculate -6 - (-8 - 5 - -1).
6
What is 0 + 0 + (-25 - (1 - 5 - 4))?
-17
Evaluate 1 - (0 + -76 + 42).
35
(1 + 16 - 11) + (-1 + -3 - 2)
0
What is -4 + (1 - -3) + (22 - (-9 + 15))?
16
What is the value of (1 - 0) + 3 + 1 + (-11 - -5)?
-1
-3 - (12 - -3 - (10 - (3 + 7)))
-18
Evaluate -32 + 77 + -22 - (3 + 1).
19
Calculate (-8 - (-4 - -15)) + 3 + 24.
8
Evaluate -3 + 1 + -2 + 1 + -10 + -6.
-19
Evaluate (-8 - -18) + (7 - 6 - 11).
0
Calculate 14 + (2 - 8) - (9 + -15 + -1).
15
Evaluate (0 - 3) + -2 + (3 - 2) + 0.
-4
(-1 - (-5 + 33) - 3) + 11
-21
-7 + 7 + (28 + -7 - 9)
12
What is the value of (4 - (2 - 0)) + -8 - (-25 - 1)?
20
(-1 - -27 - 19) + -24
-17
Evaluate (2 - 9) + (-28 + 30 - (-2 - -14)).
-17
Evaluate (4 - 9 - (-10 + -4)) + -1.
8
What is the value of -222 + 231 